{"id":100,"date":"2024-08-11T12:14:09","date_gmt":"2024-08-11T10:14:09","guid":{"rendered":"https:\/\/association-lumena.fr\/?page_id=100"},"modified":"2025-09-24T21:13:39","modified_gmt":"2025-09-24T19:13:39","slug":"les-benevoles-pro","status":"publish","type":"page","link":"https:\/\/association-lumena.fr\/index.php\/les-benevoles-pro\/","title":{"rendered":"Les b\u00e9n\u00e9voles pro"},"content":{"rendered":"\n<div class=\"wp-block-columns is-layout-flex wp-container-core-columns-is-layout-9d6595d7 wp-block-columns-is-layout-flex\">\n<div class=\"wp-block-column is-layout-flow wp-block-column-is-layout-flow\" style=\"flex-basis:33.33%\">\n<figure class=\"wp-block-image size-large\"><img loading=\"lazy\" decoding=\"async\" width=\"1024\" height=\"1024\" src=\"https:\/\/association-lumena.fr\/wp-content\/uploads\/2024\/08\/VIRGINIE-V-1024x1024.png\" alt=\"\" class=\"wp-image-280\" srcset=\"https:\/\/association-lumena.fr\/wp-content\/uploads\/2024\/08\/VIRGINIE-V-1024x1024.png 1024w, https:\/\/association-lumena.fr\/wp-content\/uploads\/2024\/08\/VIRGINIE-V-300x300.png 300w, https:\/\/association-lumena.fr\/wp-content\/uploads\/2024\/08\/VIRGINIE-V-150x150.png 150w, https:\/\/association-lumena.fr\/wp-content\/uploads\/2024\/08\/VIRGINIE-V-768x768.png 768w, https:\/\/association-lumena.fr\/wp-content\/uploads\/2024\/08\/VIRGINIE-V-100x100.png 100w, https:\/\/association-lumena.fr\/wp-content\/uploads\/2024\/08\/VIRGINIE-V.png 1080w\" sizes=\"auto, (max-width: 706px) 89vw, (max-width: 767px) 82vw, 740px\" \/><\/figure>\n<\/div>\n\n\n\n<div class=\"wp-block-column is-layout-flow wp-block-column-is-layout-flow\" style=\"flex-basis:66.66%\">\n<p class=\"has-small-font-size\">Je suis <strong>Virginie<\/strong>, Coach en Relations &amp; Empowerment.<br><br><strong>\u2022&nbsp;Mon objectif :&nbsp;<\/strong>Soutenir les femmes dans leur parcours de gu\u00e9rison, en les aidant \u00e0 retrouver leur estime de soi, \u00e0 renforcer leur r\u00e9silience, et \u00e0 se reconstruire en tant qu&rsquo;individus. Mon engagement est de les accompagner dans la reconqu\u00eate de leur identit\u00e9 et de leur dignit\u00e9, pour qu&rsquo;elles puissent avancer vers un avenir serein et \u00e9panouissant.<br><br><strong>\u2022&nbsp;Mon m\u00e9tier :<\/strong>&nbsp;J\u2019accompagne les femmes qui se sentent abus\u00e9es ou n\u00e9glig\u00e9es dans leurs relations \u00e0 r\u00e9veiller leur force int\u00e9rieure et \u00e0 renouer avec leur authenticit\u00e9. Ensemble, nous d\u00e9veloppons une nouvelle conscience de soi, ancr\u00e9e dans le respect de leur v\u00e9ritable identit\u00e9. Ma mission est de les aider \u00e0 se respecter et \u00e0 s\u2019affirmer sans peur, afin de b\u00e2tir des relations saines et qualitatives.<br><br><strong>\u2022&nbsp;Contact :&nbsp;<\/strong><a href=\"https:\/\/www.instagram.com\/reveillezlafemmeforte\">@reveillezlafemmeforte<\/a> \/ 07 62 42 26 08<\/p>\n<\/div>\n<\/div>\n\n\n\n<hr class=\"wp-block-separator has-alpha-channel-opacity\"\/>\n\n\n\n<div class=\"wp-block-columns is-layout-flex wp-container-core-columns-is-layout-9d6595d7 wp-block-columns-is-layout-flex\">\n<div class=\"wp-block-column is-layout-flow wp-block-column-is-layout-flow\" style=\"flex-basis:33.33%\">\n<figure class=\"wp-block-image size-large\"><img loading=\"lazy\" decoding=\"async\" width=\"1024\" height=\"1024\" src=\"https:\/\/association-lumena.fr\/wp-content\/uploads\/2024\/08\/LUDIVINE-M-1024x1024.png\" alt=\"\" class=\"wp-image-287\" srcset=\"https:\/\/association-lumena.fr\/wp-content\/uploads\/2024\/08\/LUDIVINE-M-1024x1024.png 1024w, https:\/\/association-lumena.fr\/wp-content\/uploads\/2024\/08\/LUDIVINE-M-300x300.png 300w, https:\/\/association-lumena.fr\/wp-content\/uploads\/2024\/08\/LUDIVINE-M-150x150.png 150w, https:\/\/association-lumena.fr\/wp-content\/uploads\/2024\/08\/LUDIVINE-M-768x768.png 768w, https:\/\/association-lumena.fr\/wp-content\/uploads\/2024\/08\/LUDIVINE-M-100x100.png 100w, https:\/\/association-lumena.fr\/wp-content\/uploads\/2024\/08\/LUDIVINE-M.png 1080w\" sizes=\"auto, (max-width: 706px) 89vw, (max-width: 767px) 82vw, 740px\" \/><\/figure>\n<\/div>\n\n\n\n<div class=\"wp-block-column is-layout-flow wp-block-column-is-layout-flow\" style=\"flex-basis:66.66%\">\n<p class=\"has-small-font-size\">Je suis <strong>Ludivine<\/strong>, Coach &amp; Hypnoth\u00e9rapeute.<br><br><strong>\u2022&nbsp;Mon objectif :&nbsp;<\/strong>J&rsquo;ai envie que chacun puisse vivre en harmonie avec ses \u00e9motions, se&nbsp; lib\u00e9rer du poids de son pass\u00e9 et acc\u00e9der une vie apais\u00e9e et heureuse. Mon histoire de vie m&rsquo;a appris que l&rsquo;on a tous en nous une r\u00e9silience incroyable qui nous permet de nous relever m\u00eame des choses les plus difficiles. Ce n&rsquo;est pas toujours facile de choisir la lumi\u00e8re et le positif mais ensemble on peut y arriver.<br><br><strong>\u2022&nbsp;Mon m\u00e9tier :<\/strong>&nbsp;J&rsquo;utilise mon accompagnement en cabinet et les conf\u00e9rences que j&rsquo;anime pour transmettre des outils et des messages afin que chacun puisse aller mieux et devenir autonome de ce mieux-\u00eatre. Je mets toute mon \u00e9nergie et mes vibrations positives pour accompagner des adultes, adolescents et enfants vers une vie meilleure. Vous allez \u00eatre \u00e0 nouveau heureux un jour, croyez moi je saurais vous accompagner sur ce chemin.<br><br><strong>\u2022&nbsp;Contact :&nbsp;<\/strong><a href=\"https:\/\/www.instagram.com\/ma.coach.ludivinemangot\/?hl=fr\">@macoach.ludivinemangot<\/a> \/ 07 69 01 79 50<\/p>\n<\/div>\n<\/div>\n\n\n\n<hr class=\"wp-block-separator has-alpha-channel-opacity\"\/>\n\n\n\n<div class=\"wp-block-columns is-layout-flex wp-container-core-columns-is-layout-9d6595d7 wp-block-columns-is-layout-flex\">\n<div class=\"wp-block-column is-layout-flow wp-block-column-is-layout-flow\" style=\"flex-basis:33.33%\">\n<figure class=\"wp-block-image size-large\"><img loading=\"lazy\" decoding=\"async\" width=\"1024\" height=\"1024\" src=\"https:\/\/association-lumena.fr\/wp-content\/uploads\/2024\/11\/LUMENA-BP-Steph-DaCosta-1024x1024.png\" alt=\"\" class=\"wp-image-346\" srcset=\"https:\/\/association-lumena.fr\/wp-content\/uploads\/2024\/11\/LUMENA-BP-Steph-DaCosta-1024x1024.png 1024w, https:\/\/association-lumena.fr\/wp-content\/uploads\/2024\/11\/LUMENA-BP-Steph-DaCosta-300x300.png 300w, https:\/\/association-lumena.fr\/wp-content\/uploads\/2024\/11\/LUMENA-BP-Steph-DaCosta-150x150.png 150w, https:\/\/association-lumena.fr\/wp-content\/uploads\/2024\/11\/LUMENA-BP-Steph-DaCosta-768x768.png 768w, https:\/\/association-lumena.fr\/wp-content\/uploads\/2024\/11\/LUMENA-BP-Steph-DaCosta-100x100.png 100w, https:\/\/association-lumena.fr\/wp-content\/uploads\/2024\/11\/LUMENA-BP-Steph-DaCosta.png 1080w\" sizes=\"auto, (max-width: 706px) 89vw, (max-width: 767px) 82vw, 740px\" \/><\/figure>\n<\/div>\n\n\n\n<div class=\"wp-block-column is-layout-flow wp-block-column-is-layout-flow\" style=\"flex-basis:66.66%\">\n<p class=\"has-small-font-size\">Je suis <strong>St\u00e9phanie <\/strong>de la Lumineuse Acad\u00e9mie, coach\/th\u00e9rapeute holistique et infirmi\u00e8re.<br><br>\u2022 <strong>Mon objectif&nbsp;:<\/strong> En tant que coach\/th\u00e9rapeute en bien-\u00eatre holistique est d&rsquo;accompagner chaque femme dans sa qu\u00eate d&rsquo;harmonie et d&rsquo;\u00e9panouissement. Je cherche \u00e0 cr\u00e9er un \u00e9quilibre durable entre le corps, l&rsquo;esprit et l&rsquo;\u00e2me en int\u00e9grant des pratiques naturelles et \u00e9nerg\u00e9tiques. Je crois que chaque personne a la capacit\u00e9 de se gu\u00e9rir et de grandir de mani\u00e8re authentique. Mon r\u00f4le est de donc de guider mes clientes \u00e0 travers ce processus en leur fournissant les outils n\u00e9cessaires pour surmonter les blocages physiques et \u00e9motionnels, tout en favorisant une transformation int\u00e9rieure.<br><br>\u2022 <strong>Mes m\u00e9tiers&nbsp;:<\/strong> Gr\u00e2ce \u00e0 mon exp\u00e9rience en tant qu&rsquo;<em><strong>infirmi\u00e8re<\/strong><\/em>, j&rsquo;ai acquis une compr\u00e9hension approfondie du fonctionnement du corps humain et de ses processus de gu\u00e9rison. Cela me permet de combiner des approches param\u00e9dicales traditionnelles avec des m\u00e9thodes naturelles pour offrir un accompagnement complet et personnalis\u00e9. Je m&rsquo;assure que chaque personne soit trait\u00e9e avec une approche globale, o\u00f9 la sant\u00e9 physique est en harmonie avec le bien-\u00eatre \u00e9motionnel et spirituel. Et en tant que <em><strong>coach<\/strong><\/em>, j&rsquo;aide mes clientes \u00e0 atteindre un \u00e9tat de bien-\u00eatre global en travaillant sur les aspects physiques, \u00e9motionnels et \u00e9nerg\u00e9tiques. J&rsquo;utilise notamment des techniques telles que la gestion du stress, le d\u00e9veloppement personnel, le mindset, l\u2019utilisation des plantes m\u00e9dicinales et l\u2019harmonisation des chakras\u2026pour aider chaque femme \u00e0 identifier des \u00e9ventuels blocages, \u00e0 les transcender et \u00e0 cr\u00e9er un chemin vers un mieux-\u00eatre qui lui est propre.<br>Mon accompagnement est centr\u00e9 sur la transformation int\u00e9rieure, en encourageant une attitude positive et r\u00e9siliente face aux d\u00e9fis de la vie.<br><br><strong>\u2022 Contact :<\/strong> <a href=\"http:\/\/www.instagram.com\/luminousacademie\">@luminousacademie<\/a> \/ 07 62 02 91 27<\/p>\n<\/div>\n<\/div>\n\n\n\n<hr class=\"wp-block-separator has-alpha-channel-opacity\"\/>\n\n\n\n<p><\/p>\n","protected":false},"excerpt":{"rendered":"<p>Je suis Virginie, Coach en Relations &amp; Empowerment. \u2022&nbsp;Mon objectif :&nbsp;Soutenir les femmes dans leur parcours de gu\u00e9rison, en les aidant \u00e0 retrouver leur estime de soi, \u00e0 renforcer leur r\u00e9silience, et \u00e0 se reconstruire en tant qu&rsquo;individus. Mon engagement est de les accompagner dans la reconqu\u00eate de leur identit\u00e9 et de leur dignit\u00e9, pour &hellip; <\/p>\n<p class=\"link-more\"><a href=\"https:\/\/association-lumena.fr\/index.php\/les-benevoles-pro\/\" class=\"more-link\">Continuer la lecture<span class=\"screen-reader-text\"> de &laquo;&nbsp;Les b\u00e9n\u00e9voles pro&nbsp;&raquo;<\/span><\/a><\/p>\n","protected":false},"author":1,"featured_media":0,"parent":0,"menu_order":0,"comment_status":"closed","ping_status":"closed","template":"","meta":{"footnotes":""},"class_list":["post-100","page","type-page","status-publish","hentry"],"_links":{"self":[{"href":"https:\/\/association-lumena.fr\/index.php\/wp-json\/wp\/v2\/pages\/100","targetHints":{"allow":["GET"]}}],"collection":[{"href":"https:\/\/association-lumena.fr\/index.php\/wp-json\/wp\/v2\/pages"}],"about":[{"href":"https:\/\/association-lumena.fr\/index.php\/wp-json\/wp\/v2\/types\/page"}],"author":[{"embeddable":true,"href":"https:\/\/association-lumena.fr\/index.php\/wp-json\/wp\/v2\/users\/1"}],"replies":[{"embeddable":true,"href":"https:\/\/association-lumena.fr\/index.php\/wp-json\/wp\/v2\/comments?post=100"}],"version-history":[{"count":38,"href":"https:\/\/association-lumena.fr\/index.php\/wp-json\/wp\/v2\/pages\/100\/revisions"}],"predecessor-version":[{"id":369,"href":"https:\/\/association-lumena.fr\/index.php\/wp-json\/wp\/v2\/pages\/100\/revisions\/369"}],"wp:attachment":[{"href":"https:\/\/association-lumena.fr\/index.php\/wp-json\/wp\/v2\/media?parent=100"}],"curies":[{"name":"wp","href":"https:\/\/api.w.org\/{rel}","templated":true}]}}

Les bénévoles pro

<div class="wp-block-columns is-layout-flex wp-container-core-columns-is-layout-9d6595d7 wp-block-columns-is-layout-flex">
<div class="wp-block-column is-layout-flow wp-block-column-is-layout-flow" style="flex-basis:33.33%">
<figure class="wp-block-image size-large"><img loading="lazy" decoding="async" width="1024" height="1024" src="https://association-lumena.fr/wp-content/uploads/2024/08/VIRGINIE-V-1024x1024.png" alt="" class="wp-image-280" srcset="https://association-lumena.fr/wp-content/uploads/2024/08/VIRGINIE-V-1024x1024.png 1024w, https://association-lumena.fr/wp-content/uploads/2024/08/VIRGINIE-V-300x300.png 300w, https://association-lumena.fr/wp-content/uploads/2024/08/VIRGINIE-V-150x150.png 150w, https://association-lumena.fr/wp-content/uploads/2024/08/VIRGINIE-V-768x768.png 768w, https://association-lumena.fr/wp-content/uploads/2024/08/VIRGINIE-V-100x100.png 100w, https://association-lumena.fr/wp-content/uploads/2024/08/VIRGINIE-V.png 1080w" sizes="auto, (max-width: 706px) 89vw, (max-width: 767px) 82vw, 740px" /></figure>
</div>



<div class="wp-block-column is-layout-flow wp-block-column-is-layout-flow" style="flex-basis:66.66%">
<p class="has-small-font-size">Je suis <strong>Virginie</strong>, Coach en Relations &amp; Empowerment.<br><br><strong>•&nbsp;Mon objectif :&nbsp;</strong>Soutenir les femmes dans leur parcours de guérison, en les aidant à retrouver leur estime de soi, à renforcer leur résilience, et à se reconstruire en tant qu&rsquo;individus. Mon engagement est de les accompagner dans la reconquête de leur identité et de leur dignité, pour qu&rsquo;elles puissent avancer vers un avenir serein et épanouissant.<br><br><strong>•&nbsp;Mon métier :</strong>&nbsp;J’accompagne les femmes qui se sentent abusées ou négligées dans leurs relations à réveiller leur force intérieure et à renouer avec leur authenticité. Ensemble, nous développons une nouvelle conscience de soi, ancrée dans le respect de leur véritable identité. Ma mission est de les aider à se respecter et à s’affirmer sans peur, afin de bâtir des relations saines et qualitatives.<br><br><strong>•&nbsp;Contact :&nbsp;</strong><a href="https://www.instagram.com/reveillezlafemmeforte">@reveillezlafemmeforte</a> / 07 62 42 26 08</p>
</div>
</div>



<hr class="wp-block-separator has-alpha-channel-opacity"/>



<div class="wp-block-columns is-layout-flex wp-container-core-columns-is-layout-9d6595d7 wp-block-columns-is-layout-flex">
<div class="wp-block-column is-layout-flow wp-block-column-is-layout-flow" style="flex-basis:33.33%">
<figure class="wp-block-image size-large"><img loading="lazy" decoding="async" width="1024" height="1024" src="https://association-lumena.fr/wp-content/uploads/2024/08/LUDIVINE-M-1024x1024.png" alt="" class="wp-image-287" srcset="https://association-lumena.fr/wp-content/uploads/2024/08/LUDIVINE-M-1024x1024.png 1024w, https://association-lumena.fr/wp-content/uploads/2024/08/LUDIVINE-M-300x300.png 300w, https://association-lumena.fr/wp-content/uploads/2024/08/LUDIVINE-M-150x150.png 150w, https://association-lumena.fr/wp-content/uploads/2024/08/LUDIVINE-M-768x768.png 768w, https://association-lumena.fr/wp-content/uploads/2024/08/LUDIVINE-M-100x100.png 100w, https://association-lumena.fr/wp-content/uploads/2024/08/LUDIVINE-M.png 1080w" sizes="auto, (max-width: 706px) 89vw, (max-width: 767px) 82vw, 740px" /></figure>
</div>



<div class="wp-block-column is-layout-flow wp-block-column-is-layout-flow" style="flex-basis:66.66%">
<p class="has-small-font-size">Je suis <strong>Ludivine</strong>, Coach &amp; Hypnothérapeute.<br><br><strong>•&nbsp;Mon objectif :&nbsp;</strong>J&rsquo;ai envie que chacun puisse vivre en harmonie avec ses émotions, se&nbsp; libérer du poids de son passé et accéder une vie apaisée et heureuse. Mon histoire de vie m&rsquo;a appris que l&rsquo;on a tous en nous une résilience incroyable qui nous permet de nous relever même des choses les plus difficiles. Ce n&rsquo;est pas toujours facile de choisir la lumière et le positif mais ensemble on peut y arriver.<br><br><strong>•&nbsp;Mon métier :</strong>&nbsp;J&rsquo;utilise mon accompagnement en cabinet et les conférences que j&rsquo;anime pour transmettre des outils et des messages afin que chacun puisse aller mieux et devenir autonome de ce mieux-être. Je mets toute mon énergie et mes vibrations positives pour accompagner des adultes, adolescents et enfants vers une vie meilleure. Vous allez être à nouveau heureux un jour, croyez moi je saurais vous accompagner sur ce chemin.<br><br><strong>•&nbsp;Contact :&nbsp;</strong><a href="https://www.instagram.com/ma.coach.ludivinemangot/?hl=fr">@macoach.ludivinemangot</a> / 07 69 01 79 50</p>
</div>
</div>



<hr class="wp-block-separator has-alpha-channel-opacity"/>



<div class="wp-block-columns is-layout-flex wp-container-core-columns-is-layout-9d6595d7 wp-block-columns-is-layout-flex">
<div class="wp-block-column is-layout-flow wp-block-column-is-layout-flow" style="flex-basis:33.33%">
<figure class="wp-block-image size-large"><img loading="lazy" decoding="async" width="1024" height="1024" src="https://association-lumena.fr/wp-content/uploads/2024/11/LUMENA-BP-Steph-DaCosta-1024x1024.png" alt="" class="wp-image-346" srcset="https://association-lumena.fr/wp-content/uploads/2024/11/LUMENA-BP-Steph-DaCosta-1024x1024.png 1024w, https://association-lumena.fr/wp-content/uploads/2024/11/LUMENA-BP-Steph-DaCosta-300x300.png 300w, https://association-lumena.fr/wp-content/uploads/2024/11/LUMENA-BP-Steph-DaCosta-150x150.png 150w, https://association-lumena.fr/wp-content/uploads/2024/11/LUMENA-BP-Steph-DaCosta-768x768.png 768w, https://association-lumena.fr/wp-content/uploads/2024/11/LUMENA-BP-Steph-DaCosta-100x100.png 100w, https://association-lumena.fr/wp-content/uploads/2024/11/LUMENA-BP-Steph-DaCosta.png 1080w" sizes="auto, (max-width: 706px) 89vw, (max-width: 767px) 82vw, 740px" /></figure>
</div>



<div class="wp-block-column is-layout-flow wp-block-column-is-layout-flow" style="flex-basis:66.66%">
<p class="has-small-font-size">Je suis <strong>Stéphanie </strong>de la Lumineuse Académie, coach/thérapeute holistique et infirmière.<br><br>• <strong>Mon objectif&nbsp;:</strong> En tant que coach/thérapeute en bien-être holistique est d&rsquo;accompagner chaque femme dans sa quête d&rsquo;harmonie et d&rsquo;épanouissement. Je cherche à créer un équilibre durable entre le corps, l&rsquo;esprit et l&rsquo;âme en intégrant des pratiques naturelles et énergétiques. Je crois que chaque personne a la capacité de se guérir et de grandir de manière authentique. Mon rôle est de donc de guider mes clientes à travers ce processus en leur fournissant les outils nécessaires pour surmonter les blocages physiques et émotionnels, tout en favorisant une transformation intérieure.<br><br>• <strong>Mes métiers&nbsp;:</strong> Grâce à mon expérience en tant qu&rsquo;<em><strong>infirmière</strong></em>, j&rsquo;ai acquis une compréhension approfondie du fonctionnement du corps humain et de ses processus de guérison. Cela me permet de combiner des approches paramédicales traditionnelles avec des méthodes naturelles pour offrir un accompagnement complet et personnalisé. Je m&rsquo;assure que chaque personne soit traitée avec une approche globale, où la santé physique est en harmonie avec le bien-être émotionnel et spirituel. Et en tant que <em><strong>coach</strong></em>, j&rsquo;aide mes clientes à atteindre un état de bien-être global en travaillant sur les aspects physiques, émotionnels et énergétiques. J&rsquo;utilise notamment des techniques telles que la gestion du stress, le développement personnel, le mindset, l’utilisation des plantes médicinales et l’harmonisation des chakras…pour aider chaque femme à identifier des éventuels blocages, à les transcender et à créer un chemin vers un mieux-être qui lui est propre.<br>Mon accompagnement est centré sur la transformation intérieure, en encourageant une attitude positive et résiliente face aux défis de la vie.<br><br><strong>• Contact :</strong> <a href="http://www.instagram.com/luminousacademie">@luminousacademie</a> / 07 62 02 91 27</p>
</div>
</div>



<hr class="wp-block-separator has-alpha-channel-opacity"/>



<p></p>

<p>Je suis Virginie, Coach en Relations &amp; Empowerment. •&nbsp;Mon objectif :&nbsp;Soutenir les femmes dans leur parcours de guérison, en les aidant à retrouver leur estime de soi, à renforcer leur résilience, et à se reconstruire en tant qu&rsquo;individus. Mon engagement est de les accompagner dans la reconquête de leur identité et de leur dignité, pour &hellip; </p>
<p class="link-more"><a href="https://association-lumena.fr/index.php/les-benevoles-pro/" class="more-link">Continuer la lecture<span class="screen-reader-text"> de &laquo;&nbsp;Les bénévoles pro&nbsp;&raquo;</span></a></p>
